 -f - 5*w = -32. What are the prime factors of (-28)/(-16) + 3/f?
2
Let b(k) = -k**3 - k + 7. Suppose -3*g - 2*g = 0. Let l be b(g). Let f = l - 4. What are the prime factors of f?
3
Suppose 0 = 2*f - 3*w + 28, 27 = -3*f - 4*w + w. Let d = -30 + 12. Let n = f - d. What are the prime factors of n?
7
What are the prime factors of (-245)/(-3) - (12/(-9) - -1)?
2, 41
What are the prime factors of 22/55 + (0 - 1046/(-10))?
3, 5, 7
Let y = 64 + 369. What are the prime factors of y?
433
Let h = 4 + 8. List the prime factors of h.
2, 3
Let d be ((-36)/15)/((-3)/10). Suppose -7*g + 2*g - 2 = 3*x, 0 = -4*g - 4*x - d. List the prime factors of g/10 - (-356)/20.
2, 3
Suppose -5*g + 5*b + 35 = 0, -g - 3 = -4*b - 19. Let a = 11 + g. What are the prime factors of a?
3, 5
Let f(h) = 5*h**2 + 2*h - 2. Suppose -3*j + 8 + 4 = 0. Let x be (-2)/j + (-6)/4. What are the prime factors of f(x)?
2, 7
Let q be (-3)/6*(-6)/(-1). Let w be (q/4)/((-6)/144). Suppose -4*m = -w - 14. What are the prime factors of m?
2
Suppose g + 15 = 4*g. Suppose 7 - 1 = -2*q, -g*s = -5*q + 105. What are the prime factors of (-1)/(-2 - 45/s)?
2
Suppose -8*c - 69 = -11*c. List the prime factors of c.
23
Let w(u) = -u + 7. Let j(l) = l**2 + 5*l - 2. Let n be j(-4). What are the prime factors of w(n)?
13
Let r(l) = -12*l - 1. Let v be r(-5). Let f = 103 - v. Suppose f = -0*z + 4*z. List the prime factors of z.
11
Let f(l) = -l**3 + 6*l**2 - 6*l + 7. Let h be f(5). Suppose -2*x + h*p = 26, 3*x + 2 = -2*p - 12. Let c = -6 - x. List the prime factors of c.
2
Let f(y) = 13*y**2 - y. What are the prime factors of f(1)?
2, 3
Suppose 190 = 2*m - 0*m. List the prime factors of m.
5, 19
Let w(r) = 6*r - 3. Let f(c) = 7*c - 2. Let x(p) = -3*f(p) + 4*w(p). Suppose 0 = 3*k - d - 9, 3*d + 7 = 4*k - 0*d. What are the prime factors of x(k)?
2, 3
Let p be 81/15 + 4/(-10). Let u = -2 + 10. Suppose 3*r - w = u, 0 = 3*r - 2*r + p*w - 24. List the prime factors of r.
2
Let m = -30 - -50. Suppose 30 = h + 2*h + 3*g, h + 3*g = m. Suppose -h*o + 10*o = 15. List the prime factors of o.
3
Let x(b) = -1 + 11*b**2 + b**3 + 5 + 16*b - 6*b. Let d be x(-10). Suppose -q + 3*q - 18 = s, 0 = q + d*s - 18. List the prime factors of q.
2, 5
Suppose 5*r - r = 24. What are the prime factors of r + -2 - 0/(-2)?
2
Let k be (-3 + (0 - -1))*-6. Suppose 3*w + k = 4*w. List the prime factors of w.
2, 3
Suppose 2*z = 2*w - 6, -2*z + z = 2*w - 6. Suppose -2*n - 7 + 23 = z. List the prime factors of n.
2
Let g(b) = 2*b**2 - 6*b - 6. Let y be g(5). Let q = 3 + 7. Let v = y - q. List the prime factors of v.
2
Let p = 26 + 42. List the prime factors of p.
2, 17
Let i = -125 - -209. Suppose 3*n = -3*y + 96, 4*n + i = 3*y - 40. List the prime factors of y.
2, 3
Suppose -4*d = -d + z - 13, -2*d - 3*z - 3 = 0. Suppose d + 9 = -3*a. What are the prime factors of (-49)/(-5) - 1/a?
2, 5
Suppose 0 = -f + 2*i + 13, i = f + 3*i - 33. What are the prime factors of f?
23
Let d be ((-12)/(-15) - 0)*-5. Let b = d + 9. List the prime factors of b.
5
Let v(x) = -8*x**3 + x**2 + x. List the prime factors of v(-2).
2, 3, 11
Let h(w) = -w**3 + 9*w**2 + 10*w + 5. Let f(d) = 9*d**2 + 1. Let m be f(1). Let r be h(m). Suppose -r = 4*x - 13. What are the prime factors of x?
2
Let z be 1*((10 - 0) + 1). Let p = 20 - z. What are the prime factors of p?
3
Let g(d) be the third derivative of d**5/10 + d**3/3 - 2*d**2. What are the prime factors of g(-2)?
2, 13
Suppose -2*m - 3*s = -31, -m + 5 = -2*s - 7. List the prime factors of 186/m + 8/(-28).
13
Let b(q) be the second derivative of -q**5/20 + 13*q**4/12 - 7*q**3/6 + 6*q**2 - 4*q. Let g be b(12). Suppose 0 = 3*u + u - g. List the prime factors of u.
2, 3
Suppose q + 0 + 5 = 4*a, 5*q - 19 = -2*a. Let s = q + 1. List the prime factors of s.
2
Let f = -10 + 12. Let d = -22 - -34. Suppose m - d = -f*m. What are the prime factors of m?
2
Suppose k - 1 - 1 = 0. Suppose -4*w - k*n = 232 - 842, 5*w - 4*n = 730. List the prime factors of w/18 - 2/6.
2
Let i(d) = -3*d**3 - d - 1. Let k be i(-1). Suppose 4*t = k*t + 24. List the prime factors of t.
2, 3
Let l = 0 + 3. Suppose t = -l*t + 200. What are the prime factors of t?
2, 5
Suppose -2*h + 5*z - 11 = 14, 5*z - 25 = h. Suppose h = -5*v - 15 - 5. List the prime factors of (-2 + -3)*v/10.
2
Suppose 5*u + 3*p + 2*p = 30, -4*u + 27 = 3*p. Let m = 11 + -15. Let v = u + m. What are the prime factors of v?
5
Suppose 4*o = -3 - 5. Let f be 87 + o + 2 + -1. Suppose -4*z - 5*a + 36 = -0*a, 5*z = 4*a + f. List the prime factors of z.
2, 7
Let o(w) = 6*w**3 + w**2 - 2. Let p be o(2). Let g = p - 36. List the prime factors of g.
2, 7
Suppose 8*v - 250 = 230. What are the prime factors of v?
2, 3, 5
Let j = 42 + -13. List the prime factors of j.
29
Suppose 0*b = b - 229. What are the prime factors of b?
229
Suppose 0 = 3*l + 8 + 4, 0 = 3*f - 2*l - 215. Suppose f = 2*k + k. List the prime factors of k.
23
Suppose 6*g + 5 = 7*g. Suppose -g*o = -21 - 134. What are the prime factors of o?
31
Let k = 4 - 2. Let u be 1/(14/6 - k). Suppose 35 = 4*b + u. List the prime factors of b.
2
Let g(z) = z**2 + z - 2. Let k be g(-3). Let v be (6 + -4)*(-2)/k. List the prime factors of (72/20)/(v/(-5)).
2, 3
Let l = 330 + -134. List the prime factors of l.
2, 7
Suppose 3*n + b = 68, -8*n + 4*n + 5*b = -78. What are the prime factors of n?
2, 11
Suppose y - 2*l = -5, 3*y + 4*l = -0*y + 25. Suppose -y*a + 21 = -3*w + 72, -4*a - 14 = -w. List the prime factors of w.
2, 3
Let f = -123 - -198. List the prime factors of f.
3, 5
Let r = -3 - -3. Suppose -m + 5*d - d - 17 = r, -5*m + 7 = 3*d. List the prime factors of ((-39)/(-21) + m)*7.
2, 3
List the prime factors of 5 + -6 - -35*1.
2, 17
Suppose -o + 6 = o. What are the prime factors of o?
3
Let y(i) = -3*i - 8. Let h(j) = -j**3 + 4*j**2 + 4*j - 3. Let m be h(5). Let c = m - -2. What are the prime factors of y(c)?
2, 5
Let k be (-51)/(-6)*(-1 - 5). Let o = 71 + k. List the prime factors of o.
2, 5
Let k(b) = -4*b**3 - b**2. Let a be k(-1). Suppose -a*o - 3*c = -60, 3*c + c = 12. What are the prime factors of o?
17
Let v = 51 - 32. What are the prime factors of v?
19
Suppose 0 = 3*d - 10*d + 196. Suppose l + 3*w = -3*l - 59, -4*l - 57 = w. Let t = l + d. List the prime factors of t.
2, 7
Suppose j = 4*j - 5*l + 14, -l + 4 = 0. List the prime factors of (j/(-3))/((-2)/39).
13
Suppose -5*r = 5*r - 2550. List the prime factors of r.
3, 5, 17
Let k = 1 + 0. Suppose 2*j - k - 3 = 0. What are the prime factors of -2 + j + 11 + 0?
11
Suppose 0*a - 5*p + 195 = 3*a, -5*a - 5*p + 335 = 0. List the prime factors of a.
2, 5, 7
Let j be (0 + -5)*(-2 - -1). Suppose 0 = -3*x - 2*x - j*t + 135, -5*x = 2*t - 138. Suppose 0 = -0*f - 4*f + x. List the prime factors of f.
7
Let g(c) = 5*c - 1. Suppose 0*a + 44 = -n + 2*a, -4*n = -5*a + 164. Let r be ((-6)/(-9))/((-8)/n). List the prime factors of g(r).
2, 7
Suppose -1 = 3*o - 2*c, -o - 7 = c - 0*c. Let y = o + 7. Let j = 6 + y. List the prime factors of j.
2, 5
List the prime factors of 8/(-1)*(-1)/(-2) - -191.
11, 17
Suppose -2*m - 8 = 2*m. List the prime factors of -1*(-57)/(-6)*m.
19
List the prime factors of (3/2)/((-3)/(-940)*5).
2, 47
Let r(q) = 3*q - 2. Let o be r(5). Suppose -118 = 5*u - o. Let s = u - -38. List the prime factors of s.
17
List the prime factors of (-172)/6*(6 + -8 - 1).
2, 43
Suppose 7*d = 2*d + 205. Let o = 57 - d. Let k = o + -11. What are the prime factors of k?
5
Let w(v) be the first derivative of v**4/24 + 5*v**3/2 + v**2/2 - 4. Let c(b) be the second derivative of w(b). What are the prime factors of c(0)?
3, 5
Let o(b) = -10*b + 4. Let c be o(-2). Suppose 3*f - 11 = -2*a - 2*a, 0 = -2*a - 4*f - 2. Suppose y - a*m = c, -2 = -y - 2*m - 6. List the prime factors of y.
2
Let w(m) = m + 3. Let t(q) = -q - 6. Let a(v) = -3*t(v) - 5*w(v). Let r be a(-8). Suppose -26 - r = -5*i. List the prime factors of i.
3
Let l(k) = -20*k + 4. Let q be l(-3). Suppose 7*a - 3*a - q = 0. Let f = 29 - a. List the prime factors of f.
13
Suppose -6*d + 12 = -2*d. Suppose 0 = -f + d - 9. Let p(m) = m**2 + 6*m + 9. List the prime factors of p(f).
3
Suppose 7*v - 2*v = -3*g - 20, -g - 5 = 0. Let p be v/(-4) + (-21)/(-12). Suppose 19 - 1 = p*r. List the prime factors of r.
3
Let t be (-21)/12 + 2/(-8). Let u be t - (-13)/(-